{"id":1786,"date":"2023-07-03T19:25:54","date_gmt":"2023-07-03T17:25:54","guid":{"rendered":"https:\/\/vadedades.umh.es\/premios-2023\/"},"modified":"2023-11-06T09:27:07","modified_gmt":"2023-11-06T08:27:07","slug":"premis-2023","status":"publish","type":"page","link":"https:\/\/vadedades.umh.es\/ca\/premis\/premis-2023\/","title":{"rendered":"Premis 2023"},"content":{"rendered":"<p>[et_pb_section fb_built=&#8221;1&#8243; _builder_version=&#8221;4.17.4&#8243; _module_preset=&#8221;default&#8221; background_color=&#8221;#ffdb56&#8243; background_image=&#8221;https:\/\/vadedades.umh.es\/files\/2022\/11\/fondoayudas.png&#8221; background_size=&#8221;custom&#8221; background_image_width=&#8221;115%&#8221; background_position=&#8221;top_center&#8221; background_repeat=&#8221;repeat-y&#8221; custom_margin=&#8221;-43px|||||&#8221; global_colors_info=&#8221;{}&#8221;][et_pb_row _builder_version=&#8221;4.17.4&#8243; _module_preset=&#8221;default&#8221; global_colors_info=&#8221;{}&#8221;][et_pb_column type=&#8221;4_4&#8243; _builder_version=&#8221;4.17.4&#8243; _module_preset=&#8221;default&#8221; global_colors_info=&#8221;{}&#8221;][et_pb_image src=&#8221;https:\/\/vadedades.umh.es\/files\/2023\/07\/premios-2023_CV_VAL.png&#8221; title_text=&#8221;premios-2023_CV_VAL&#8221; align=&#8221;center&#8221; _builder_version=&#8221;4.17.4&#8243; _module_preset=&#8221;default&#8221; width=&#8221;25%&#8221; width_tablet=&#8221;60%&#8221; width_phone=&#8221;55%&#8221; width_last_edited=&#8221;on|phone&#8221; animation_style=&#8221;fade&#8221; global_colors_info=&#8221;{}&#8221;][\/et_pb_image][\/et_pb_column][\/et_pb_row][et_pb_row _builder_version=&#8221;4.17.4&#8243; _module_preset=&#8221;default&#8221; transform_translate=&#8221;7px|0px&#8221; transform_translate_phone=&#8221;-37px|0px&#8221; transform_translate_linked=&#8221;off&#8221; width_tablet=&#8221;44%&#8221; width_phone=&#8221;44%&#8221; width_last_edited=&#8221;on|tablet&#8221; global_colors_info=&#8221;{}&#8221;][et_pb_column type=&#8221;4_4&#8243; _builder_version=&#8221;4.17.4&#8243; _module_preset=&#8221;default&#8221; global_colors_info=&#8221;{}&#8221;][et_pb_image src=&#8221;https:\/\/vadedades.umh.es\/files\/2022\/11\/GRAFICO-ABC.png&#8221; title_text=&#8221;GRAFICO ABC&#8221; align=&#8221;center&#8221; _builder_version=&#8221;4.17.4&#8243; _module_preset=&#8221;default&#8221; max_width=&#8221;65%&#8221; animation_style=&#8221;zoom&#8221; global_colors_info=&#8221;{}&#8221;][\/et_pb_image][\/et_pb_column][\/et_pb_row][et_pb_row column_structure=&#8221;1_3,1_3,1_3&#8243; _builder_version=&#8221;4.17.4&#8243; _module_preset=&#8221;default&#8221; global_colors_info=&#8221;{}&#8221;][et_pb_column type=&#8221;1_3&#8243; _builder_version=&#8221;4.17.4&#8243; _module_preset=&#8221;default&#8221; global_colors_info=&#8221;{}&#8221;][et_pb_text _builder_version=&#8221;4.17.4&#8243; _module_preset=&#8221;default&#8221; global_colors_info=&#8221;{}&#8221;]<\/p>\n<h4><strong>CATEGORIA A (1r-2n ESO)<\/strong><\/h4>\n<p>Treball titulat: \u201cDigitalizaci\u00f3n en mi centro\u201d<br \/>Desenvolupat per:<br \/>Diego Espuelas Gomiz, Alejandro Pic\u00f3 Rodr\u00edguez, Elena Parra C\u00e1novas, Victoria Mart\u00ednez Ortega\u00a0 y Jos\u00e9 Garc\u00eda Mart\u00ednez<br \/><span style=\"font-weight: 400\">Tutoritzat per: <\/span>Rub\u00e9n Calatayud Cuesta<br \/><span style=\"font-weight: 400\">Centre educatiu:<\/span> Colegio Salesianos San Jos\u00e9 Artesano, Elche.<\/p>\n<p>[\/et_pb_text][et_pb_gallery gallery_ids=&#8221;1889,1820,1880&#8243; fullwidth=&#8221;on&#8221; _builder_version=&#8221;4.17.4&#8243; _module_preset=&#8221;default&#8221; global_colors_info=&#8221;{}&#8221;][\/et_pb_gallery][\/et_pb_column][et_pb_column type=&#8221;1_3&#8243; _builder_version=&#8221;4.17.4&#8243; _module_preset=&#8221;default&#8221; global_colors_info=&#8221;{}&#8221;][et_pb_text _builder_version=&#8221;4.17.4&#8243; _module_preset=&#8221;default&#8221; global_colors_info=&#8221;{}&#8221;]<\/p>\n<h4><strong>CATEGORIA B (3r-4t ESO + FPB)<\/strong><\/h4>\n<p>Treball titulat: \u201c<span style=\"font-weight: 400\">Soledad (o por qu\u00e9 estar solo y sentirse solo no son sin\u00f3nimos)<\/span>\u201d<br \/>Desenvolupat per: <span style=\"font-weight: 400\">Eva Alberola Bautista<br \/><\/span><span style=\"font-weight: 400\">Tutoritzat per: Daniel Murillo Andr\u00e9s<\/span><span style=\"font-weight: 400\"><br \/><\/span><span style=\"font-weight: 400\">Centre educatiu: IES San Vicente Ferrer, Valencia<\/span><\/p>\n<p><strong>Premiat en la Fase Nacional del <a href=\"https:\/\/www.seio.es\/concurso-incubadora\/\" target=\"_blank\" rel=\"noopener\">Concurso Incubadora de Sondeos y Experimentos<\/a>, organitzat per la Sociedad Espa\u00f1ola de Estad\u00edstica e Investigaci\u00f3n Operativa, SEIO.<\/strong><\/p>\n<p>[\/et_pb_text][et_pb_gallery gallery_ids=&#8221;1838,1850,1832,1844&#8243; fullwidth=&#8221;on&#8221; _builder_version=&#8221;4.17.4&#8243; _module_preset=&#8221;default&#8221; global_colors_info=&#8221;{}&#8221;][\/et_pb_gallery][\/et_pb_column][et_pb_column type=&#8221;1_3&#8243; _builder_version=&#8221;4.17.4&#8243; _module_preset=&#8221;default&#8221; global_colors_info=&#8221;{}&#8221;][et_pb_text _builder_version=&#8221;4.17.4&#8243; _module_preset=&#8221;default&#8221; global_colors_info=&#8221;{}&#8221;]<\/p>\n<h4><strong>CATEGORIA C (BATX + FPGM)<\/strong><\/h4>\n<p>Treball titulat: \u201c<span style=\"font-weight: 400\">\u201c\u00bfSon sostenibles los envases tetrabrik que encontramos en el mercado?\u201d<br \/><\/span><span style=\"font-weight: 400\"> Desenvolupat per: Carlos Meseguer Garc\u00eda,\u00a0 <\/span><span style=\"font-weight: 400\">Marta Rico de Heras, Laura Ordo\u00f1ez Carri\u00f3, Luc\u00eda Aguado Estrada, Claudia Aguado Estrada.<br \/><\/span><span style=\"font-weight: 400\">Tutoritzat per: <\/span><span style=\"font-weight: 400\">Jos\u00e9 Aurelio Pina Romero i Llu\u00eds Bonet Juan.<\/span><span style=\"font-weight: 400\"><br \/>Centre educatiu: <\/span><span style=\"font-weight: 400\">IES San Blas, Alicante.\u00a0<\/span><\/p>\n<p><strong>Menci\u00f3 honor\u00edfica<\/strong><\/p>\n<p><span style=\"font-weight: 400\">Treball titulat: \u201cLa asignatura de Econom\u00eda. Mucho inter\u00e9s, poca oferta y vagos conocimientos\u201d<\/span><span style=\"font-weight: 400\"><br \/><\/span><span style=\"font-weight: 400\">Desenvolupat per: <\/span><span style=\"font-weight: 400\">Nora Estell\u00e9s Moral, <\/span>Clara Mu\u00f1oz Mochol\u00ed y Samuel Varea Illueca.<br \/><span style=\"font-weight: 400\">Tutoritzat per: Lydia Morag\u00f3n Fandos<\/span><span style=\"font-weight: 400\"><br \/><\/span><span style=\"font-weight: 400\">Centre educatiu: IES Juan de Garay, Valencia.<\/span><\/p>\n<p>[\/et_pb_text][et_pb_gallery gallery_ids=&#8221;1862,1868,1856&#8243; fullwidth=&#8221;on&#8221; _builder_version=&#8221;4.17.4&#8243; _module_preset=&#8221;default&#8221; global_colors_info=&#8221;{}&#8221;][\/et_pb_gallery][\/et_pb_column][\/et_pb_row][et_pb_row _builder_version=&#8221;4.17.4&#8243; _module_preset=&#8221;default&#8221; global_colors_info=&#8221;{}&#8221;][et_pb_column type=&#8221;4_4&#8243; _builder_version=&#8221;4.17.4&#8243; _module_preset=&#8221;default&#8221; global_colors_info=&#8221;{}&#8221;][et_pb_cta button_url=&#8221;https:\/\/eventos.unizar.es\/95434\/section\/42203\/concurso-incubadora-de-sondeos-y-experimentos-fase-nacional-2023.html&#8221; url_new_window=&#8221;on&#8221; button_text=&#8221;Veure les fotos de la fase nacional 2023 en Zaragoza&#8221; _builder_version=&#8221;4.17.4&#8243; _module_preset=&#8221;default&#8221; hover_enabled=&#8221;0&#8243; global_colors_info=&#8221;{}&#8221; background_color=&#8221;#49b8d6&#8243; sticky_enabled=&#8221;0&#8243;][\/et_pb_cta][et_pb_cta button_url=&#8221;https:\/\/drive.google.com\/file\/d\/16tkHVXjKd3RSz3PiTFnbcpD4VZ8MIskt\/view&#8221; url_new_window=&#8221;on&#8221; button_text=&#8221;Descarregar la Publicaci\u00f3 dels Treballs Premiats en la Fase Nacional de la Incubadora de Sondejos i Experiments 2023&#8243; _builder_version=&#8221;4.17.4&#8243; _module_preset=&#8221;default&#8221; hover_enabled=&#8221;0&#8243; global_colors_info=&#8221;{}&#8221; background_color=&#8221;#fba706&#8243; sticky_enabled=&#8221;0&#8243;][\/et_pb_cta][\/et_pb_column][\/et_pb_row][\/et_pb_section]<\/p>\n","protected":false},"excerpt":{"rendered":"<p>CATEGORIA A (1r-2n ESO) Treball titulat: \u201cDigitalizaci\u00f3n en mi centro\u201dDesenvolupat per:Diego Espuelas Gomiz, Alejandro Pic\u00f3 Rodr\u00edguez, Elena Parra C\u00e1novas, Victoria Mart\u00ednez Ortega\u00a0 y Jos\u00e9 Garc\u00eda Mart\u00ednezTutoritzat per: Rub\u00e9n Calatayud CuestaCentre educatiu: Colegio Salesianos San Jos\u00e9 Artesano, Elche.CATEGORIA B (3r-4t ESO + FPB) Treball titulat: \u201cSoledad (o por qu\u00e9 estar solo y sentirse solo no son [&hellip;]<\/p>\n","protected":false},"author":191,"featured_media":0,"parent":766,"menu_order":0,"comment_status":"closed","ping_status":"closed","template":"","meta":{"_et_pb_use_builder":"on","_et_pb_old_content":"","_et_gb_content_width":"","_links_to":"","_links_to_target":""},"_links":{"self":[{"href":"https:\/\/vadedades.umh.es\/ca\/wp-json\/wp\/v2\/pages\/1786"}],"collection":[{"href":"https:\/\/vadedades.umh.es\/ca\/wp-json\/wp\/v2\/pages"}],"about":[{"href":"https:\/\/vadedades.umh.es\/ca\/wp-json\/wp\/v2\/types\/page"}],"author":[{"embeddable":true,"href":"https:\/\/vadedades.umh.es\/ca\/wp-json\/wp\/v2\/users\/191"}],"replies":[{"embeddable":true,"href":"https:\/\/vadedades.umh.es\/ca\/wp-json\/wp\/v2\/comments?post=1786"}],"version-history":[{"count":0,"href":"https:\/\/vadedades.umh.es\/ca\/wp-json\/wp\/v2\/pages\/1786\/revisions"}],"up":[{"embeddable":true,"href":"https:\/\/vadedades.umh.es\/ca\/wp-json\/wp\/v2\/pages\/766"}],"wp:attachment":[{"href":"https:\/\/vadedades.umh.es\/ca\/wp-json\/wp\/v2\/media?parent=1786"}],"curies":[{"name":"wp","href":"https:\/\/api.w.org\/{rel}","templated":true}]}}

<p>[et_pb_section fb_built=&#8221;1&#8243; _builder_version=&#8221;4.17.4&#8243; _module_preset=&#8221;default&#8221; background_color=&#8221;#ffdb56&#8243; background_image=&#8221;https://vadedades.umh.es/files/2022/11/fondoayudas.png&#8221; background_size=&#8221;custom&#8221; background_image_width=&#8221;115%&#8221; background_position=&#8221;top_center&#8221; background_repeat=&#8221;repeat-y&#8221; custom_margin=&#8221;-43px|||||&#8221; global_colors_info=&#8221;{}&#8221;][et_pb_row _builder_version=&#8221;4.17.4&#8243; _module_preset=&#8221;default&#8221; global_colors_info=&#8221;{}&#8221;][et_pb_column type=&#8221;4_4&#8243; _builder_version=&#8221;4.17.4&#8243; _module_preset=&#8221;default&#8221; global_colors_info=&#8221;{}&#8221;][et_pb_image src=&#8221;https://vadedades.umh.es/files/2023/07/premios-2023_CV_VAL.png&#8221; title_text=&#8221;premios-2023_CV_VAL&#8221; align=&#8221;center&#8221; _builder_version=&#8221;4.17.4&#8243; _module_preset=&#8221;default&#8221; width=&#8221;25%&#8221; width_tablet=&#8221;60%&#8221; width_phone=&#8221;55%&#8221; width_last_edited=&#8221;on|phone&#8221; animation_style=&#8221;fade&#8221; global_colors_info=&#8221;{}&#8221;][/et_pb_image][/et_pb_column][/et_pb_row][et_pb_row _builder_version=&#8221;4.17.4&#8243; _module_preset=&#8221;default&#8221; transform_translate=&#8221;7px|0px&#8221; transform_translate_phone=&#8221;-37px|0px&#8221; transform_translate_linked=&#8221;off&#8221; width_tablet=&#8221;44%&#8221; width_phone=&#8221;44%&#8221; width_last_edited=&#8221;on|tablet&#8221; global_colors_info=&#8221;{}&#8221;][et_pb_column type=&#8221;4_4&#8243; _builder_version=&#8221;4.17.4&#8243; _module_preset=&#8221;default&#8221; global_colors_info=&#8221;{}&#8221;][et_pb_image src=&#8221;https://vadedades.umh.es/files/2022/11/GRAFICO-ABC.png&#8221; title_text=&#8221;GRAFICO ABC&#8221; align=&#8221;center&#8221; _builder_version=&#8221;4.17.4&#8243; _module_preset=&#8221;default&#8221; max_width=&#8221;65%&#8221; animation_style=&#8221;zoom&#8221; global_colors_info=&#8221;{}&#8221;][/et_pb_image][/et_pb_column][/et_pb_row][et_pb_row column_structure=&#8221;1_3,1_3,1_3&#8243; _builder_version=&#8221;4.17.4&#8243; _module_preset=&#8221;default&#8221; global_colors_info=&#8221;{}&#8221;][et_pb_column type=&#8221;1_3&#8243; _builder_version=&#8221;4.17.4&#8243; _module_preset=&#8221;default&#8221; global_colors_info=&#8221;{}&#8221;][et_pb_text _builder_version=&#8221;4.17.4&#8243; _module_preset=&#8221;default&#8221; global_colors_info=&#8221;{}&#8221;]</p>
<h4><strong>CATEGORIA A (1r-2n ESO)</strong></h4>
<p>Treball titulat: “Digitalización en mi centro”<br />Desenvolupat per:<br />Diego Espuelas Gomiz, Alejandro Picó Rodríguez, Elena Parra Cánovas, Victoria Martínez Ortega  y José García Martínez<br /><span style="font-weight: 400">Tutoritzat per: </span>Rubén Calatayud Cuesta<br /><span style="font-weight: 400">Centre educatiu:</span> Colegio Salesianos San José Artesano, Elche.</p>
<p>[/et_pb_text][et_pb_gallery gallery_ids=&#8221;1889,1820,1880&#8243; fullwidth=&#8221;on&#8221; _builder_version=&#8221;4.17.4&#8243; _module_preset=&#8221;default&#8221; global_colors_info=&#8221;{}&#8221;][/et_pb_gallery][/et_pb_column][et_pb_column type=&#8221;1_3&#8243; _builder_version=&#8221;4.17.4&#8243; _module_preset=&#8221;default&#8221; global_colors_info=&#8221;{}&#8221;][et_pb_text _builder_version=&#8221;4.17.4&#8243; _module_preset=&#8221;default&#8221; global_colors_info=&#8221;{}&#8221;]</p>
<h4><strong>CATEGORIA B (3r-4t ESO + FPB)</strong></h4>
<p>Treball titulat: “<span style="font-weight: 400">Soledad (o por qué estar solo y sentirse solo no son sinónimos)</span>”<br />Desenvolupat per: <span style="font-weight: 400">Eva Alberola Bautista<br /></span><span style="font-weight: 400">Tutoritzat per: Daniel Murillo Andrés</span><span style="font-weight: 400"><br /></span><span style="font-weight: 400">Centre educatiu: IES San Vicente Ferrer, Valencia</span></p>
<p><strong>Premiat en la Fase Nacional del <a href="https://www.seio.es/concurso-incubadora/" target="_blank" rel="noopener">Concurso Incubadora de Sondeos y Experimentos</a>, organitzat per la Sociedad Española de Estadística e Investigación Operativa, SEIO.</strong></p>
<p>[/et_pb_text][et_pb_gallery gallery_ids=&#8221;1838,1850,1832,1844&#8243; fullwidth=&#8221;on&#8221; _builder_version=&#8221;4.17.4&#8243; _module_preset=&#8221;default&#8221; global_colors_info=&#8221;{}&#8221;][/et_pb_gallery][/et_pb_column][et_pb_column type=&#8221;1_3&#8243; _builder_version=&#8221;4.17.4&#8243; _module_preset=&#8221;default&#8221; global_colors_info=&#8221;{}&#8221;][et_pb_text _builder_version=&#8221;4.17.4&#8243; _module_preset=&#8221;default&#8221; global_colors_info=&#8221;{}&#8221;]</p>
<h4><strong>CATEGORIA C (BATX + FPGM)</strong></h4>
<p>Treball titulat: “<span style="font-weight: 400">“¿Son sostenibles los envases tetrabrik que encontramos en el mercado?”<br /></span><span style="font-weight: 400"> Desenvolupat per: Carlos Meseguer García,  </span><span style="font-weight: 400">Marta Rico de Heras, Laura Ordoñez Carrió, Lucía Aguado Estrada, Claudia Aguado Estrada.<br /></span><span style="font-weight: 400">Tutoritzat per: </span><span style="font-weight: 400">José Aurelio Pina Romero i Lluís Bonet Juan.</span><span style="font-weight: 400"><br />Centre educatiu: </span><span style="font-weight: 400">IES San Blas, Alicante. </span></p>
<p><strong>Menció honorífica</strong></p>
<p><span style="font-weight: 400">Treball titulat: “La asignatura de Economía. Mucho interés, poca oferta y vagos conocimientos”</span><span style="font-weight: 400"><br /></span><span style="font-weight: 400">Desenvolupat per: </span><span style="font-weight: 400">Nora Estellés Moral, </span>Clara Muñoz Mocholí y Samuel Varea Illueca.<br /><span style="font-weight: 400">Tutoritzat per: Lydia Moragón Fandos</span><span style="font-weight: 400"><br /></span><span style="font-weight: 400">Centre educatiu: IES Juan de Garay, Valencia.</span></p>
<p>[/et_pb_text][et_pb_gallery gallery_ids=&#8221;1862,1868,1856&#8243; fullwidth=&#8221;on&#8221; _builder_version=&#8221;4.17.4&#8243; _module_preset=&#8221;default&#8221; global_colors_info=&#8221;{}&#8221;][/et_pb_gallery][/et_pb_column][/et_pb_row][et_pb_row _builder_version=&#8221;4.17.4&#8243; _module_preset=&#8221;default&#8221; global_colors_info=&#8221;{}&#8221;][et_pb_column type=&#8221;4_4&#8243; _builder_version=&#8221;4.17.4&#8243; _module_preset=&#8221;default&#8221; global_colors_info=&#8221;{}&#8221;][et_pb_cta button_url=&#8221;https://eventos.unizar.es/95434/section/42203/concurso-incubadora-de-sondeos-y-experimentos-fase-nacional-2023.html&#8221; url_new_window=&#8221;on&#8221; button_text=&#8221;Veure les fotos de la fase nacional 2023 en Zaragoza&#8221; _builder_version=&#8221;4.17.4&#8243; _module_preset=&#8221;default&#8221; hover_enabled=&#8221;0&#8243; global_colors_info=&#8221;{}&#8221; background_color=&#8221;#49b8d6&#8243; sticky_enabled=&#8221;0&#8243;][/et_pb_cta][et_pb_cta button_url=&#8221;https://drive.google.com/file/d/16tkHVXjKd3RSz3PiTFnbcpD4VZ8MIskt/view&#8221; url_new_window=&#8221;on&#8221; button_text=&#8221;Descarregar la Publicació dels Treballs Premiats en la Fase Nacional de la Incubadora de Sondejos i Experiments 2023&#8243; _builder_version=&#8221;4.17.4&#8243; _module_preset=&#8221;default&#8221; hover_enabled=&#8221;0&#8243; global_colors_info=&#8221;{}&#8221; background_color=&#8221;#fba706&#8243; sticky_enabled=&#8221;0&#8243;][/et_pb_cta][/et_pb_column][/et_pb_row][/et_pb_section]</p>

<p>CATEGORIA A (1r-2n ESO) Treball titulat: “Digitalización en mi centro”Desenvolupat per:Diego Espuelas Gomiz, Alejandro Picó Rodríguez, Elena Parra Cánovas, Victoria Martínez Ortega  y José García MartínezTutoritzat per: Rubén Calatayud CuestaCentre educatiu: Colegio Salesianos San José Artesano, Elche.CATEGORIA B (3r-4t ESO + FPB) Treball titulat: “Soledad (o por qué estar solo y sentirse solo no son [&hellip;]</p>
