{"id":2118,"date":"2024-06-04T13:01:19","date_gmt":"2024-06-04T11:01:19","guid":{"rendered":"https:\/\/vadedades.umh.es\/?page_id=2118"},"modified":"2025-05-19T12:09:39","modified_gmt":"2025-05-19T10:09:39","slug":"premis-2024","status":"publish","type":"page","link":"https:\/\/vadedades.umh.es\/ca\/premis\/premis-2024\/","title":{"rendered":"Premis 2024"},"content":{"rendered":"<p>[et_pb_section fb_built=&#8221;1&#8243; _builder_version=&#8221;4.17.4&#8243; _module_preset=&#8221;default&#8221; background_color=&#8221;#ffdb56&#8243; background_image=&#8221;https:\/\/vadedades.umh.es\/files\/2022\/11\/fondoayudas.png&#8221; background_size=&#8221;custom&#8221; background_image_width=&#8221;115%&#8221; background_position=&#8221;top_center&#8221; background_repeat=&#8221;repeat-y&#8221; custom_margin=&#8221;-43px|||||&#8221; global_colors_info=&#8221;{}&#8221;][et_pb_row _builder_version=&#8221;4.17.4&#8243; _module_preset=&#8221;default&#8221; global_colors_info=&#8221;{}&#8221;][et_pb_column type=&#8221;4_4&#8243; _builder_version=&#8221;4.17.4&#8243; _module_preset=&#8221;default&#8221; global_colors_info=&#8221;{}&#8221;][et_pb_image src=&#8221;https:\/\/vadedades.umh.es\/files\/2024\/06\/premios-2024-VAL.png&#8221; title_text=&#8221;premios-2024-VAL&#8221; align=&#8221;center&#8221; _builder_version=&#8221;4.17.4&#8243; _module_preset=&#8221;default&#8221; width=&#8221;25%&#8221; width_tablet=&#8221;60%&#8221; width_phone=&#8221;55%&#8221; width_last_edited=&#8221;on|phone&#8221; animation_style=&#8221;fade&#8221; global_colors_info=&#8221;{}&#8221;][\/et_pb_image][\/et_pb_column][\/et_pb_row][et_pb_row _builder_version=&#8221;4.17.4&#8243; _module_preset=&#8221;default&#8221; transform_translate=&#8221;7px|0px&#8221; transform_translate_phone=&#8221;-37px|0px&#8221; transform_translate_linked=&#8221;off&#8221; width_tablet=&#8221;44%&#8221; width_phone=&#8221;44%&#8221; width_last_edited=&#8221;on|tablet&#8221; global_colors_info=&#8221;{}&#8221;][et_pb_column type=&#8221;4_4&#8243; _builder_version=&#8221;4.17.4&#8243; _module_preset=&#8221;default&#8221; global_colors_info=&#8221;{}&#8221;][et_pb_image src=&#8221;https:\/\/vadedades.umh.es\/files\/2022\/11\/GRAFICO-ABC.png&#8221; title_text=&#8221;GRAFICO ABC&#8221; align=&#8221;center&#8221; _builder_version=&#8221;4.17.4&#8243; _module_preset=&#8221;default&#8221; max_width=&#8221;65%&#8221; animation_style=&#8221;zoom&#8221; global_colors_info=&#8221;{}&#8221;][\/et_pb_image][\/et_pb_column][\/et_pb_row][et_pb_row column_structure=&#8221;1_3,1_3,1_3&#8243; _builder_version=&#8221;4.17.4&#8243; _module_preset=&#8221;default&#8221; global_colors_info=&#8221;{}&#8221;][et_pb_column type=&#8221;1_3&#8243; _builder_version=&#8221;4.17.4&#8243; _module_preset=&#8221;default&#8221; global_colors_info=&#8221;{}&#8221;][et_pb_text _builder_version=&#8221;4.17.4&#8243; _module_preset=&#8221;default&#8221; global_colors_info=&#8221;{}&#8221;]<\/p>\n<h4><strong>CATEGORIA A (1r-2n ESO)<\/strong><\/h4>\n<p>DESERT<\/p>\n<p>[\/et_pb_text][et_pb_gallery fullwidth=&#8221;on&#8221; _builder_version=&#8221;4.17.4&#8243; _module_preset=&#8221;default&#8221; global_colors_info=&#8221;{}&#8221;][\/et_pb_gallery][\/et_pb_column][et_pb_column type=&#8221;1_3&#8243; _builder_version=&#8221;4.17.4&#8243; _module_preset=&#8221;default&#8221; global_colors_info=&#8221;{}&#8221;][et_pb_text _builder_version=&#8221;4.17.4&#8243; _module_preset=&#8221;default&#8221; global_colors_info=&#8221;{}&#8221;]<\/p>\n<h4><strong>CATEGORIA B (3r-4t ESO + FPB)<\/strong><\/h4>\n<p>Treball titulat: \u201c<span style=\"font-weight: 400\">Realidad en un Instituto P\u00fablico: los desaf\u00edos de g\u00e9nero en matem\u00e1ticas&#8230; \u00bfExisten?<\/span>\u201d<br \/>Desenvolupat per: <span style=\"font-weight: 400\">Yousra Saidi<br \/><\/span><span style=\"font-weight: 400\">Tutoritzat per: \u00d2scar Mascarell Claver<\/span><span style=\"font-weight: 400\"><br \/><\/span><span style=\"font-weight: 400\">Centre educatiu: IES Joan Fuster, Sueca (Val\u00e8ncia)<\/span><\/p>\n<p>[\/et_pb_text][et_pb_text _builder_version=&#8221;4.17.4&#8243; _module_preset=&#8221;default&#8221; global_colors_info=&#8221;{}&#8221;]<\/p>\n<p><strong>Premiat en la Fase Nacional del<span>\u00a0<\/span><a href=\"https:\/\/www.seio.es\/concurso-incubadora\/\" target=\"_blank\" rel=\"noopener\">Concurso Incubadora de Sondeos y Experimentos<\/a>, organitzat per la Sociedad Espa\u00f1ola de Estad\u00edstica e Investigaci\u00f3n Operativa, en la <a href=\"https:\/\/www.seio.es\/wp-content\/uploads\/2024\/07\/2024_Acta_premis_incubadora_signat.pdf\" target=\"_blank\" rel=\"noopener\">Categor\u00eda Mejor Presentaci\u00f3n<\/a>.<\/strong><\/p>\n<p>[\/et_pb_text][et_pb_gallery gallery_ids=&#8221;2070,2082,2094,2106&#8243; fullwidth=&#8221;on&#8221; _builder_version=&#8221;4.17.4&#8243; _module_preset=&#8221;default&#8221; global_colors_info=&#8221;{}&#8221;][\/et_pb_gallery][\/et_pb_column][et_pb_column type=&#8221;1_3&#8243; _builder_version=&#8221;4.17.4&#8243; _module_preset=&#8221;default&#8221; global_colors_info=&#8221;{}&#8221;][et_pb_text _builder_version=&#8221;4.17.4&#8243; _module_preset=&#8221;default&#8221; global_colors_info=&#8221;{}&#8221;]<\/p>\n<h4><strong>CATEGORIA C (BATX + FPGM)<\/strong><\/h4>\n<p>Treball titular: \u201c<span style=\"font-weight: 400\">Estudio de la viabilidad de la creaci\u00f3n de una app para la prevenci\u00f3n del suicidio en adolescentes<\/span><span style=\"font-weight: 400\">\u201d<br \/><\/span><span style=\"font-weight: 400\"> Desenvolupat per: Candela P\u00e9rez L\u00f3pez, Alma Povea D\u00edaz\u00a0 y Mar\u00eda Bixquert D\u00edaz.<\/span><span style=\"font-weight: 400\"><br \/><\/span><span style=\"font-weight: 400\">Tutoritzat per: Lydia Morag\u00f3n Fandos y Virginia Hidalgo Villanueva<\/span><span style=\"font-weight: 400\">.<\/span><span style=\"font-weight: 400\"><br \/>Centre educatiu: IES Juan de Garay, Val\u00e8ncia<\/span><span style=\"font-weight: 400\">.\u00a0<\/span><\/p>\n<p>[\/et_pb_text][et_pb_gallery gallery_ids=&#8221;2100,2088,2076,2064&#8243; fullwidth=&#8221;on&#8221; _builder_version=&#8221;4.17.4&#8243; _module_preset=&#8221;default&#8221; global_colors_info=&#8221;{}&#8221;][\/et_pb_gallery][et_pb_text _builder_version=&#8221;4.17.4&#8243; _module_preset=&#8221;default&#8221; global_colors_info=&#8221;{}&#8221;]<\/p>\n<h4><strong>CATEGORIA C (BACH + FPGM)<\/strong><\/h4>\n<p><strong>Menci\u00f3 honor\u00edfica<\/strong><\/p>\n<p>Treball titular: \u201cEl impacto del confinamiento en los niveles de ansiedad, depresi\u00f3n y estr\u00e9s de los adolescentes\u201d<span style=\"font-weight: 400\"><br \/><\/span><span style=\"font-weight: 400\">Desenvolupat per: Laura Ant\u00f3n L\u00f3pez, Carla Castell\u00f3 Mu\u00f1oz y Judith Collado del Valle<\/span>.<br \/><span style=\"font-weight: 400\">Tutoritzat per: Lydia Morag\u00f3n Fandos y Nuria Quesada Rojas.<\/span><span style=\"font-weight: 400\"><br \/><\/span><span style=\"font-weight: 400\">Centre educatiu: IES Juan de Garay, Val\u00e8ncia.<\/span><span style=\"font-weight: 400\"><br \/><\/span><\/p>\n<p>[\/et_pb_text][\/et_pb_column][\/et_pb_row][et_pb_row _builder_version=&#8221;4.17.4&#8243; _module_preset=&#8221;default&#8221; global_colors_info=&#8221;{}&#8221;][et_pb_column type=&#8221;4_4&#8243; _builder_version=&#8221;4.17.4&#8243; _module_preset=&#8221;default&#8221; global_colors_info=&#8221;{}&#8221;][et_pb_cta button_url=&#8221;https:\/\/drive.google.com\/drive\/folders\/1Y2UEUcgdaXXLV51dWHFXBpssYt_tuqgG&#8221; url_new_window=&#8221;on&#8221; button_text=&#8221;Veure les fotos de la Fase Nacional 2024 en Bilbao&#8221; _builder_version=&#8221;4.17.4&#8243; _module_preset=&#8221;default&#8221; background_color=&#8221;#49b8d6&#8243; hover_enabled=&#8221;0&#8243; global_colors_info=&#8221;{}&#8221; sticky_enabled=&#8221;0&#8243;][\/et_pb_cta][et_pb_cta button_url=&#8221;https:\/\/drive.google.com\/file\/d\/1R6jZ6oR2ddUkRpAcRfaPyGnBcIENNKOQ\/view&#8221; url_new_window=&#8221;on&#8221; button_text=&#8221;Descarregar la Publicaci\u00f3 dels Treballs Premiats en la Fase Nacional de la Incubadora de Sondejos i Experiments 2024&#8243; admin_label=&#8221;Llamada a la acci\u00f3n&#8221; _builder_version=&#8221;4.17.4&#8243; _module_preset=&#8221;default&#8221; background_color=&#8221;#fba706&#8243; hover_enabled=&#8221;0&#8243; global_colors_info=&#8221;{}&#8221; sticky_enabled=&#8221;0&#8243;][\/et_pb_cta][\/et_pb_column][\/et_pb_row][\/et_pb_section]<\/p>\n","protected":false},"excerpt":{"rendered":"<p>CATEGORIA A (1r-2n ESO) DESERTCATEGORIA B (3r-4t ESO + FPB) Treball titulat: \u201cRealidad en un Instituto P\u00fablico: los desaf\u00edos de g\u00e9nero en matem\u00e1ticas&#8230; \u00bfExisten?\u201dDesenvolupat per: Yousra SaidiTutoritzat per: \u00d2scar Mascarell ClaverCentre educatiu: IES Joan Fuster, Sueca (Val\u00e8ncia)Premiat en la Fase Nacional del\u00a0Concurso Incubadora de Sondeos y Experimentos, organitzat per la Sociedad Espa\u00f1ola de Estad\u00edstica e [&hellip;]<\/p>\n","protected":false},"author":191,"featured_media":0,"parent":766,"menu_order":0,"comment_status":"closed","ping_status":"closed","template":"","meta":{"_et_pb_use_builder":"on","_et_pb_old_content":"","_et_gb_content_width":"","_links_to":"","_links_to_target":""},"_links":{"self":[{"href":"https:\/\/vadedades.umh.es\/ca\/wp-json\/wp\/v2\/pages\/2118"}],"collection":[{"href":"https:\/\/vadedades.umh.es\/ca\/wp-json\/wp\/v2\/pages"}],"about":[{"href":"https:\/\/vadedades.umh.es\/ca\/wp-json\/wp\/v2\/types\/page"}],"author":[{"embeddable":true,"href":"https:\/\/vadedades.umh.es\/ca\/wp-json\/wp\/v2\/users\/191"}],"replies":[{"embeddable":true,"href":"https:\/\/vadedades.umh.es\/ca\/wp-json\/wp\/v2\/comments?post=2118"}],"version-history":[{"count":0,"href":"https:\/\/vadedades.umh.es\/ca\/wp-json\/wp\/v2\/pages\/2118\/revisions"}],"up":[{"embeddable":true,"href":"https:\/\/vadedades.umh.es\/ca\/wp-json\/wp\/v2\/pages\/766"}],"wp:attachment":[{"href":"https:\/\/vadedades.umh.es\/ca\/wp-json\/wp\/v2\/media?parent=2118"}],"curies":[{"name":"wp","href":"https:\/\/api.w.org\/{rel}","templated":true}]}}

<p>[et_pb_section fb_built=&#8221;1&#8243; _builder_version=&#8221;4.17.4&#8243; _module_preset=&#8221;default&#8221; background_color=&#8221;#ffdb56&#8243; background_image=&#8221;https://vadedades.umh.es/files/2022/11/fondoayudas.png&#8221; background_size=&#8221;custom&#8221; background_image_width=&#8221;115%&#8221; background_position=&#8221;top_center&#8221; background_repeat=&#8221;repeat-y&#8221; custom_margin=&#8221;-43px|||||&#8221; global_colors_info=&#8221;{}&#8221;][et_pb_row _builder_version=&#8221;4.17.4&#8243; _module_preset=&#8221;default&#8221; global_colors_info=&#8221;{}&#8221;][et_pb_column type=&#8221;4_4&#8243; _builder_version=&#8221;4.17.4&#8243; _module_preset=&#8221;default&#8221; global_colors_info=&#8221;{}&#8221;][et_pb_image src=&#8221;https://vadedades.umh.es/files/2024/06/premios-2024-VAL.png&#8221; title_text=&#8221;premios-2024-VAL&#8221; align=&#8221;center&#8221; _builder_version=&#8221;4.17.4&#8243; _module_preset=&#8221;default&#8221; width=&#8221;25%&#8221; width_tablet=&#8221;60%&#8221; width_phone=&#8221;55%&#8221; width_last_edited=&#8221;on|phone&#8221; animation_style=&#8221;fade&#8221; global_colors_info=&#8221;{}&#8221;][/et_pb_image][/et_pb_column][/et_pb_row][et_pb_row _builder_version=&#8221;4.17.4&#8243; _module_preset=&#8221;default&#8221; transform_translate=&#8221;7px|0px&#8221; transform_translate_phone=&#8221;-37px|0px&#8221; transform_translate_linked=&#8221;off&#8221; width_tablet=&#8221;44%&#8221; width_phone=&#8221;44%&#8221; width_last_edited=&#8221;on|tablet&#8221; global_colors_info=&#8221;{}&#8221;][et_pb_column type=&#8221;4_4&#8243; _builder_version=&#8221;4.17.4&#8243; _module_preset=&#8221;default&#8221; global_colors_info=&#8221;{}&#8221;][et_pb_image src=&#8221;https://vadedades.umh.es/files/2022/11/GRAFICO-ABC.png&#8221; title_text=&#8221;GRAFICO ABC&#8221; align=&#8221;center&#8221; _builder_version=&#8221;4.17.4&#8243; _module_preset=&#8221;default&#8221; max_width=&#8221;65%&#8221; animation_style=&#8221;zoom&#8221; global_colors_info=&#8221;{}&#8221;][/et_pb_image][/et_pb_column][/et_pb_row][et_pb_row column_structure=&#8221;1_3,1_3,1_3&#8243; _builder_version=&#8221;4.17.4&#8243; _module_preset=&#8221;default&#8221; global_colors_info=&#8221;{}&#8221;][et_pb_column type=&#8221;1_3&#8243; _builder_version=&#8221;4.17.4&#8243; _module_preset=&#8221;default&#8221; global_colors_info=&#8221;{}&#8221;][et_pb_text _builder_version=&#8221;4.17.4&#8243; _module_preset=&#8221;default&#8221; global_colors_info=&#8221;{}&#8221;]</p>
<h4><strong>CATEGORIA A (1r-2n ESO)</strong></h4>
<p>DESERT</p>
<p>[/et_pb_text][et_pb_gallery fullwidth=&#8221;on&#8221; _builder_version=&#8221;4.17.4&#8243; _module_preset=&#8221;default&#8221; global_colors_info=&#8221;{}&#8221;][/et_pb_gallery][/et_pb_column][et_pb_column type=&#8221;1_3&#8243; _builder_version=&#8221;4.17.4&#8243; _module_preset=&#8221;default&#8221; global_colors_info=&#8221;{}&#8221;][et_pb_text _builder_version=&#8221;4.17.4&#8243; _module_preset=&#8221;default&#8221; global_colors_info=&#8221;{}&#8221;]</p>
<h4><strong>CATEGORIA B (3r-4t ESO + FPB)</strong></h4>
<p>Treball titulat: “<span style="font-weight: 400">Realidad en un Instituto Público: los desafíos de género en matemáticas&#8230; ¿Existen?</span>”<br />Desenvolupat per: <span style="font-weight: 400">Yousra Saidi<br /></span><span style="font-weight: 400">Tutoritzat per: Òscar Mascarell Claver</span><span style="font-weight: 400"><br /></span><span style="font-weight: 400">Centre educatiu: IES Joan Fuster, Sueca (València)</span></p>
<p>[/et_pb_text][et_pb_text _builder_version=&#8221;4.17.4&#8243; _module_preset=&#8221;default&#8221; global_colors_info=&#8221;{}&#8221;]</p>
<p><strong>Premiat en la Fase Nacional del<span> </span><a href="https://www.seio.es/concurso-incubadora/" target="_blank" rel="noopener">Concurso Incubadora de Sondeos y Experimentos</a>, organitzat per la Sociedad Española de Estadística e Investigación Operativa, en la <a href="https://www.seio.es/wp-content/uploads/2024/07/2024_Acta_premis_incubadora_signat.pdf" target="_blank" rel="noopener">Categoría Mejor Presentación</a>.</strong></p>
<p>[/et_pb_text][et_pb_gallery gallery_ids=&#8221;2070,2082,2094,2106&#8243; fullwidth=&#8221;on&#8221; _builder_version=&#8221;4.17.4&#8243; _module_preset=&#8221;default&#8221; global_colors_info=&#8221;{}&#8221;][/et_pb_gallery][/et_pb_column][et_pb_column type=&#8221;1_3&#8243; _builder_version=&#8221;4.17.4&#8243; _module_preset=&#8221;default&#8221; global_colors_info=&#8221;{}&#8221;][et_pb_text _builder_version=&#8221;4.17.4&#8243; _module_preset=&#8221;default&#8221; global_colors_info=&#8221;{}&#8221;]</p>
<h4><strong>CATEGORIA C (BATX + FPGM)</strong></h4>
<p>Treball titular: “<span style="font-weight: 400">Estudio de la viabilidad de la creación de una app para la prevención del suicidio en adolescentes</span><span style="font-weight: 400">”<br /></span><span style="font-weight: 400"> Desenvolupat per: Candela Pérez López, Alma Povea Díaz  y María Bixquert Díaz.</span><span style="font-weight: 400"><br /></span><span style="font-weight: 400">Tutoritzat per: Lydia Moragón Fandos y Virginia Hidalgo Villanueva</span><span style="font-weight: 400">.</span><span style="font-weight: 400"><br />Centre educatiu: IES Juan de Garay, València</span><span style="font-weight: 400">. </span></p>
<p>[/et_pb_text][et_pb_gallery gallery_ids=&#8221;2100,2088,2076,2064&#8243; fullwidth=&#8221;on&#8221; _builder_version=&#8221;4.17.4&#8243; _module_preset=&#8221;default&#8221; global_colors_info=&#8221;{}&#8221;][/et_pb_gallery][et_pb_text _builder_version=&#8221;4.17.4&#8243; _module_preset=&#8221;default&#8221; global_colors_info=&#8221;{}&#8221;]</p>
<h4><strong>CATEGORIA C (BACH + FPGM)</strong></h4>
<p><strong>Menció honorífica</strong></p>
<p>Treball titular: “El impacto del confinamiento en los niveles de ansiedad, depresión y estrés de los adolescentes”<span style="font-weight: 400"><br /></span><span style="font-weight: 400">Desenvolupat per: Laura Antón López, Carla Castelló Muñoz y Judith Collado del Valle</span>.<br /><span style="font-weight: 400">Tutoritzat per: Lydia Moragón Fandos y Nuria Quesada Rojas.</span><span style="font-weight: 400"><br /></span><span style="font-weight: 400">Centre educatiu: IES Juan de Garay, València.</span><span style="font-weight: 400"><br /></span></p>
<p>[/et_pb_text][/et_pb_column][/et_pb_row][et_pb_row _builder_version=&#8221;4.17.4&#8243; _module_preset=&#8221;default&#8221; global_colors_info=&#8221;{}&#8221;][et_pb_column type=&#8221;4_4&#8243; _builder_version=&#8221;4.17.4&#8243; _module_preset=&#8221;default&#8221; global_colors_info=&#8221;{}&#8221;][et_pb_cta button_url=&#8221;https://drive.google.com/drive/folders/1Y2UEUcgdaXXLV51dWHFXBpssYt_tuqgG&#8221; url_new_window=&#8221;on&#8221; button_text=&#8221;Veure les fotos de la Fase Nacional 2024 en Bilbao&#8221; _builder_version=&#8221;4.17.4&#8243; _module_preset=&#8221;default&#8221; background_color=&#8221;#49b8d6&#8243; hover_enabled=&#8221;0&#8243; global_colors_info=&#8221;{}&#8221; sticky_enabled=&#8221;0&#8243;][/et_pb_cta][et_pb_cta button_url=&#8221;https://drive.google.com/file/d/1R6jZ6oR2ddUkRpAcRfaPyGnBcIENNKOQ/view&#8221; url_new_window=&#8221;on&#8221; button_text=&#8221;Descarregar la Publicació dels Treballs Premiats en la Fase Nacional de la Incubadora de Sondejos i Experiments 2024&#8243; admin_label=&#8221;Llamada a la acción&#8221; _builder_version=&#8221;4.17.4&#8243; _module_preset=&#8221;default&#8221; background_color=&#8221;#fba706&#8243; hover_enabled=&#8221;0&#8243; global_colors_info=&#8221;{}&#8221; sticky_enabled=&#8221;0&#8243;][/et_pb_cta][/et_pb_column][/et_pb_row][/et_pb_section]</p>

<p>CATEGORIA A (1r-2n ESO) DESERTCATEGORIA B (3r-4t ESO + FPB) Treball titulat: “Realidad en un Instituto Público: los desafíos de género en matemáticas&#8230; ¿Existen?”Desenvolupat per: Yousra SaidiTutoritzat per: Òscar Mascarell ClaverCentre educatiu: IES Joan Fuster, Sueca (València)Premiat en la Fase Nacional del Concurso Incubadora de Sondeos y Experimentos, organitzat per la Sociedad Española de Estadística e [&hellip;]</p>
