{"id":2806,"date":"2025-05-19T12:43:19","date_gmt":"2025-05-19T10:43:19","guid":{"rendered":"https:\/\/vadedades.umh.es\/premis\/premios-2025\/"},"modified":"2025-06-02T18:02:41","modified_gmt":"2025-06-02T16:02:41","slug":"premis-2025","status":"publish","type":"page","link":"https:\/\/vadedades.umh.es\/ca\/premis\/premis-2025\/","title":{"rendered":"Premis 2025"},"content":{"rendered":"<p>[et_pb_section fb_built=&#8221;1&#8243; _builder_version=&#8221;4.17.4&#8243; _module_preset=&#8221;default&#8221; background_color=&#8221;#ffdb56&#8243; background_image=&#8221;https:\/\/vadedades.umh.es\/files\/2022\/11\/fondoayudas.png&#8221; background_size=&#8221;custom&#8221; background_image_width=&#8221;115%&#8221; background_position=&#8221;top_center&#8221; background_repeat=&#8221;repeat-y&#8221; custom_margin=&#8221;-43px|||||&#8221; global_colors_info=&#8221;{}&#8221;][et_pb_row _builder_version=&#8221;4.17.4&#8243; _module_preset=&#8221;default&#8221; global_colors_info=&#8221;{}&#8221;][et_pb_column type=&#8221;4_4&#8243; _builder_version=&#8221;4.17.4&#8243; _module_preset=&#8221;default&#8221; global_colors_info=&#8221;{}&#8221;][et_pb_image src=&#8221;https:\/\/vadedades.umh.es\/files\/2025\/05\/guanyadors-2025.png&#8221; title_text=&#8221;guanyadors-2025&#8243; align=&#8221;center&#8221; _builder_version=&#8221;4.17.4&#8243; _module_preset=&#8221;default&#8221; max_width=&#8221;30%&#8221; max_height=&#8221;1000px&#8221; animation_style=&#8221;zoom&#8221; global_colors_info=&#8221;{}&#8221;][\/et_pb_image][\/et_pb_column][\/et_pb_row][et_pb_row _builder_version=&#8221;4.17.4&#8243; _module_preset=&#8221;default&#8221; transform_translate=&#8221;7px|0px&#8221; transform_translate_phone=&#8221;-37px|0px&#8221; transform_translate_linked=&#8221;off&#8221; width_tablet=&#8221;44%&#8221; width_phone=&#8221;44%&#8221; width_last_edited=&#8221;on|tablet&#8221; global_colors_info=&#8221;{}&#8221;][et_pb_column type=&#8221;4_4&#8243; _builder_version=&#8221;4.17.4&#8243; _module_preset=&#8221;default&#8221; global_colors_info=&#8221;{}&#8221;][et_pb_image src=&#8221;https:\/\/vadedades.umh.es\/files\/2022\/11\/GRAFICO-ABC.png&#8221; title_text=&#8221;GRAFICO ABC&#8221; align=&#8221;center&#8221; _builder_version=&#8221;4.17.4&#8243; _module_preset=&#8221;default&#8221; max_width=&#8221;65%&#8221; animation_style=&#8221;zoom&#8221; global_colors_info=&#8221;{}&#8221;][\/et_pb_image][\/et_pb_column][\/et_pb_row][et_pb_row column_structure=&#8221;1_3,1_3,1_3&#8243; _builder_version=&#8221;4.17.4&#8243; _module_preset=&#8221;default&#8221; global_colors_info=&#8221;{}&#8221;][et_pb_column type=&#8221;1_3&#8243; _builder_version=&#8221;4.17.4&#8243; _module_preset=&#8221;default&#8221; global_colors_info=&#8221;{}&#8221;][et_pb_text _builder_version=&#8221;4.17.4&#8243; _module_preset=&#8221;default&#8221; global_colors_info=&#8221;{}&#8221;]<\/p>\n<h4><strong>CATEGORIA A (1-2 ESO)<\/strong><\/h4>\n<p>Treball titulat: <strong>\u201cLos efectos de la DANA en la concienciacio\u0301n juvenil. \u00bfY t\u00fa qu\u00e9 har\u00edas?\u201d<\/strong><span style=\"font-weight: 400\"><br \/><\/span>Desenrotllat per: <span style=\"font-weight: 400\">Yasmin Saidi.<\/span><span style=\"font-weight: 400\"><br \/><\/span><span style=\"font-weight: 400\">Tutoritzat per: M\u00f3nica Carb\u00f3 Colech\u00e0 i \u00d2scar Mascarell Claver.<\/span><span style=\"font-weight: 400\"><br \/><\/span><span style=\"font-weight: 400\">Centre educatiu: IES Joan Fuster, Sueca (Valencia).<\/span><\/p>\n<p>[\/et_pb_text][et_pb_image src=&#8221;https:\/\/vadedades.umh.es\/files\/2025\/05\/IMG_9546.png&#8221; title_text=&#8221;IMG_9546&#8243; _builder_version=&#8221;4.17.4&#8243; _module_preset=&#8221;default&#8221; global_colors_info=&#8221;{}&#8221;][\/et_pb_image][\/et_pb_column][et_pb_column type=&#8221;1_3&#8243; _builder_version=&#8221;4.17.4&#8243; _module_preset=&#8221;default&#8221; global_colors_info=&#8221;{}&#8221;][et_pb_text _builder_version=&#8221;4.17.4&#8243; _module_preset=&#8221;default&#8221; global_colors_info=&#8221;{}&#8221;]<\/p>\n<h4><strong>CATEGOR\u00cdA B (3\u00ba-4\u00ba ESO + FPB)<\/strong><\/h4>\n<p>Trevall titulat: <span style=\"font-weight: 400\"><strong>\u201cEstudio descriptivo sobre la depresio\u0301n\u201d<\/strong>.<br \/><\/span> Desenvolupat per: <span style=\"font-weight: 400\">Diego Espuelas G\u00f3miz, Jos\u00e9 Garc\u00eda Mart\u00ednez, Victoria Mart\u00ednez Ortega i Alejandro Pic\u00f3 Rodr\u00edguez<\/span><span style=\"font-weight: 400\"><br \/><\/span><span style=\"font-weight: 400\">Tutoritzat per: Pablo L\u00f3pez Franc\u00e9s<\/span><span style=\"font-weight: 400\"><br \/><\/span><span style=\"font-weight: 400\">Centre educatiu: Colegio Salesianos San Jos\u00e9 Artesano, Elx (Alicante).<\/span><\/p>\n<p>[\/et_pb_text][et_pb_image src=&#8221;https:\/\/vadedades.umh.es\/files\/2025\/05\/IMG_9550.png&#8221; title_text=&#8221;IMG_9550&#8243; _builder_version=&#8221;4.17.4&#8243; _module_preset=&#8221;default&#8221; global_colors_info=&#8221;{}&#8221;][\/et_pb_image][\/et_pb_column][et_pb_column type=&#8221;1_3&#8243; _builder_version=&#8221;4.17.4&#8243; _module_preset=&#8221;default&#8221; global_colors_info=&#8221;{}&#8221;][et_pb_text _builder_version=&#8221;4.17.4&#8243; _module_preset=&#8221;default&#8221; global_colors_info=&#8221;{}&#8221;]<\/p>\n<h4><strong>CATEGOR\u00cdA C (BACH + FPGM)<\/strong><\/h4>\n<p>Treball titulat: <strong>\u201cMotxilles: Un problema de pes\u201d<\/strong><span style=\"font-weight: 400\"><br \/><\/span><span style=\"font-weight: 400\">Desenrotllat per: Pau Ferrando Agost.<\/span><span style=\"font-weight: 400\"><br \/><\/span><span style=\"font-weight: 400\">Tutoritzat per: Jos\u00e9 Francisco Chiva Moreno.<\/span><span style=\"font-weight: 400\"><br \/>Centre educatiu: IES La Plana, Castell\u00f3 de la Plana.<\/span><\/p>\n<p>[\/et_pb_text][et_pb_image src=&#8221;https:\/\/vadedades.umh.es\/files\/2025\/05\/IMG_9552.png&#8221; title_text=&#8221;IMG_9552&#8243; _builder_version=&#8221;4.17.4&#8243; _module_preset=&#8221;default&#8221; global_colors_info=&#8221;{}&#8221;][\/et_pb_image][\/et_pb_column][\/et_pb_row][et_pb_row _builder_version=&#8221;4.17.4&#8243; _module_preset=&#8221;default&#8221; global_colors_info=&#8221;{}&#8221;][et_pb_column type=&#8221;4_4&#8243; _builder_version=&#8221;4.17.4&#8243; _module_preset=&#8221;default&#8221; global_colors_info=&#8221;{}&#8221;][et_pb_text _builder_version=&#8221;4.17.4&#8243; _module_preset=&#8221;default&#8221; global_colors_info=&#8221;{}&#8221;]<\/p>\n<h1 style=\"text-align: center\">DISTINCIONS ESPECIALS<\/h1>\n<p>[\/et_pb_text][\/et_pb_column][\/et_pb_row][et_pb_row column_structure=&#8221;1_3,1_3,1_3&#8243; _builder_version=&#8221;4.17.4&#8243; _module_preset=&#8221;default&#8221; global_colors_info=&#8221;{}&#8221;][et_pb_column type=&#8221;1_3&#8243; _builder_version=&#8221;4.17.4&#8243; _module_preset=&#8221;default&#8221; global_colors_info=&#8221;{}&#8221;][et_pb_text _builder_version=&#8221;4.17.4&#8243; _module_preset=&#8221;default&#8221; global_colors_info=&#8221;{}&#8221;]<\/p>\n<h4><strong>DISTINCI\u00d3 ESPECIAL DE L&#8217;INSTITUT VALENCI\u00c0 D&#8217;ESTAD\u00cdSTICA<\/strong><\/h4>\n<p>Treball titulat: <strong>\u201cEstudio del uso y la percepci\u00f3n de la red ciclable del \u00e1rea metropolitana de Valencia (AMV)\u201d<\/strong><span style=\"font-weight: 400\"><br \/><\/span>Desenrotllat per: <span style=\"font-weight: 400\">D\u00eddac Ll\u00e1cer Ausina.<\/span><span style=\"font-weight: 400\"><br \/><\/span><span style=\"font-weight: 400\">Tutoritzat per: Javier Fuentes Valor i Lydia Morag\u00f3n Fandos.<\/span><span style=\"font-weight: 400\"><br \/><\/span><span style=\"font-weight: 400\">Centre educatiu: IES Juan de Garay, Valencia.<\/span><\/p>\n<p>[\/et_pb_text][et_pb_image src=&#8221;https:\/\/vadedades.umh.es\/files\/2025\/05\/IMG_9555.png&#8221; title_text=&#8221;IMG_9555&#8243; _builder_version=&#8221;4.17.4&#8243; _module_preset=&#8221;default&#8221; global_colors_info=&#8221;{}&#8221;][\/et_pb_image][\/et_pb_column][et_pb_column type=&#8221;1_3&#8243; _builder_version=&#8221;4.17.4&#8243; _module_preset=&#8221;default&#8221; global_colors_info=&#8221;{}&#8221;][et_pb_text _builder_version=&#8221;4.17.4&#8243; _module_preset=&#8221;default&#8221; global_colors_info=&#8221;{}&#8221;]<\/p>\n<h4><strong>DISTINCIONS ESPECIALS DEL GRAU EN ESTAD\u00cdSTICA EMPRESARIAL DE LA UMH<\/strong><\/h4>\n<p>Treball titulat: <strong>\u201cLa Contaminacio\u0301 Invisible\u201d<\/strong><span style=\"font-weight: 400\"><br \/><\/span>Desenrotllat per: <span style=\"font-weight: 400\">Helena Benedito Santandreu, Lola Crespo Fos y \u00c0frica Lupo Rozal\u00e9n<\/span><span style=\"font-weight: 400\">.<\/span><span style=\"font-weight: 400\"><br \/><\/span><span style=\"font-weight: 400\">Tutoritzat per: \u00d2scar Mascarell Claver y Josefa Peris Cornelio.<\/span><span style=\"font-weight: 400\"><br \/><\/span><span style=\"font-weight: 400\">Centre educatiu: IES Joan Fuster, en Sueca (Valencia).<\/span><\/p>\n<p>[\/et_pb_text][et_pb_image src=&#8221;https:\/\/vadedades.umh.es\/files\/2025\/05\/IMG_9557.png&#8221; title_text=&#8221;IMG_9557&#8243; _builder_version=&#8221;4.17.4&#8243; _module_preset=&#8221;default&#8221; global_colors_info=&#8221;{}&#8221;][\/et_pb_image][et_pb_text _builder_version=&#8221;4.17.4&#8243; _module_preset=&#8221;default&#8221; global_colors_info=&#8221;{}&#8221;]<\/p>\n<p>Treball titulat: <strong>\u201cCreatividad VsEducaci\u00f3n: una mirada hacia el fomento de la creatividad\u201d<\/strong><span style=\"font-weight: 400\"><br \/><\/span>Desenrotllat per: <span style=\"font-weight: 400\">Alaa Saidi.<\/span><span style=\"font-weight: 400\"><br \/><\/span><span style=\"font-weight: 400\">Tutoritzat per: \u00d2scar Mascarell Claver y M\u00f3nica Carb\u00f3 Colech\u00e0.<\/span><span style=\"font-weight: 400\"><br \/><\/span><span style=\"font-weight: 400\">Centre educatiu: IES Joan Fuster, en Sueca (Valencia).<\/span><\/p>\n<p>[\/et_pb_text][et_pb_image src=&#8221;https:\/\/vadedades.umh.es\/files\/2025\/05\/IMG_9558.png&#8221; alt=&#8221;distinci\u00f3n especial 2025 Estad\u00edstica Empresarial&#8221; title_text=&#8221;IMG_9558&#8243; _builder_version=&#8221;4.17.4&#8243; _module_preset=&#8221;default&#8221; global_colors_info=&#8221;{}&#8221;][\/et_pb_image][\/et_pb_column][et_pb_column type=&#8221;1_3&#8243; _builder_version=&#8221;4.17.4&#8243; _module_preset=&#8221;default&#8221; global_colors_info=&#8221;{}&#8221;][et_pb_text _builder_version=&#8221;4.17.4&#8243; _module_preset=&#8221;default&#8221; global_colors_info=&#8221;{}&#8221;]<\/p>\n<h4><strong>DISTINCI\u00d3N ESPECIAL DEL GRADO EN CIENCIA DE DATOS E INTELIGENCIA ARTIFICIAL DE LA UMH<\/strong><\/h4>\n<p>Treball titulat: <strong>\u201cRESIBIM. Revoluci\u00f3n En la Sanidad, el Impacto del Bigdata y la IA en la Medicina\u201d<\/strong><span style=\"font-weight: 400\"><br \/><\/span>Desenrotllat per: <span style=\"font-weight: 400\">Mario Mart\u00ednez Luna i Leire Ortiz Baena<\/span><span style=\"font-weight: 400\">.<\/span><span style=\"font-weight: 400\"><br \/><\/span><span style=\"font-weight: 400\">Tutoritzat per: Silvia Ponz Burdeus.<\/span><span style=\"font-weight: 400\"><br \/><\/span><span style=\"font-weight: 400\">Centre educatiu: IES Jaume I, Borriana (Castell\u00f3n).<\/span><\/p>\n<p>[\/et_pb_text][et_pb_image src=&#8221;https:\/\/vadedades.umh.es\/files\/2025\/05\/IMG_9563.png&#8221; alt=&#8221;premio_25_ccdd&#8221; title_text=&#8221;IMG_9563&#8243; _builder_version=&#8221;4.17.4&#8243; _module_preset=&#8221;default&#8221; global_colors_info=&#8221;{}&#8221;][\/et_pb_image][\/et_pb_column][\/et_pb_row][\/et_pb_section]<\/p>\n","protected":false},"excerpt":{"rendered":"<p>CATEGORIA A (1-2 ESO) Treball titulat: \u201cLos efectos de la DANA en la concienciacio\u0301n juvenil. \u00bfY t\u00fa qu\u00e9 har\u00edas?\u201dDesenrotllat per: Yasmin Saidi.Tutoritzat per: M\u00f3nica Carb\u00f3 Colech\u00e0 i \u00d2scar Mascarell Claver.Centre educatiu: IES Joan Fuster, Sueca (Valencia).CATEGOR\u00cdA B (3\u00ba-4\u00ba ESO + FPB) Trevall titulat: \u201cEstudio descriptivo sobre la depresio\u0301n\u201d. Desenvolupat per: Diego Espuelas G\u00f3miz, Jos\u00e9 Garc\u00eda [&hellip;]<\/p>\n","protected":false},"author":191,"featured_media":0,"parent":766,"menu_order":0,"comment_status":"closed","ping_status":"closed","template":"","meta":{"_et_pb_use_builder":"on","_et_pb_old_content":"","_et_gb_content_width":"","_links_to":"","_links_to_target":""},"_links":{"self":[{"href":"https:\/\/vadedades.umh.es\/ca\/wp-json\/wp\/v2\/pages\/2806"}],"collection":[{"href":"https:\/\/vadedades.umh.es\/ca\/wp-json\/wp\/v2\/pages"}],"about":[{"href":"https:\/\/vadedades.umh.es\/ca\/wp-json\/wp\/v2\/types\/page"}],"author":[{"embeddable":true,"href":"https:\/\/vadedades.umh.es\/ca\/wp-json\/wp\/v2\/users\/191"}],"replies":[{"embeddable":true,"href":"https:\/\/vadedades.umh.es\/ca\/wp-json\/wp\/v2\/comments?post=2806"}],"version-history":[{"count":0,"href":"https:\/\/vadedades.umh.es\/ca\/wp-json\/wp\/v2\/pages\/2806\/revisions"}],"up":[{"embeddable":true,"href":"https:\/\/vadedades.umh.es\/ca\/wp-json\/wp\/v2\/pages\/766"}],"wp:attachment":[{"href":"https:\/\/vadedades.umh.es\/ca\/wp-json\/wp\/v2\/media?parent=2806"}],"curies":[{"name":"wp","href":"https:\/\/api.w.org\/{rel}","templated":true}]}}

<p>[et_pb_section fb_built=&#8221;1&#8243; _builder_version=&#8221;4.17.4&#8243; _module_preset=&#8221;default&#8221; background_color=&#8221;#ffdb56&#8243; background_image=&#8221;https://vadedades.umh.es/files/2022/11/fondoayudas.png&#8221; background_size=&#8221;custom&#8221; background_image_width=&#8221;115%&#8221; background_position=&#8221;top_center&#8221; background_repeat=&#8221;repeat-y&#8221; custom_margin=&#8221;-43px|||||&#8221; global_colors_info=&#8221;{}&#8221;][et_pb_row _builder_version=&#8221;4.17.4&#8243; _module_preset=&#8221;default&#8221; global_colors_info=&#8221;{}&#8221;][et_pb_column type=&#8221;4_4&#8243; _builder_version=&#8221;4.17.4&#8243; _module_preset=&#8221;default&#8221; global_colors_info=&#8221;{}&#8221;][et_pb_image src=&#8221;https://vadedades.umh.es/files/2025/05/guanyadors-2025.png&#8221; title_text=&#8221;guanyadors-2025&#8243; align=&#8221;center&#8221; _builder_version=&#8221;4.17.4&#8243; _module_preset=&#8221;default&#8221; max_width=&#8221;30%&#8221; max_height=&#8221;1000px&#8221; animation_style=&#8221;zoom&#8221; global_colors_info=&#8221;{}&#8221;][/et_pb_image][/et_pb_column][/et_pb_row][et_pb_row _builder_version=&#8221;4.17.4&#8243; _module_preset=&#8221;default&#8221; transform_translate=&#8221;7px|0px&#8221; transform_translate_phone=&#8221;-37px|0px&#8221; transform_translate_linked=&#8221;off&#8221; width_tablet=&#8221;44%&#8221; width_phone=&#8221;44%&#8221; width_last_edited=&#8221;on|tablet&#8221; global_colors_info=&#8221;{}&#8221;][et_pb_column type=&#8221;4_4&#8243; _builder_version=&#8221;4.17.4&#8243; _module_preset=&#8221;default&#8221; global_colors_info=&#8221;{}&#8221;][et_pb_image src=&#8221;https://vadedades.umh.es/files/2022/11/GRAFICO-ABC.png&#8221; title_text=&#8221;GRAFICO ABC&#8221; align=&#8221;center&#8221; _builder_version=&#8221;4.17.4&#8243; _module_preset=&#8221;default&#8221; max_width=&#8221;65%&#8221; animation_style=&#8221;zoom&#8221; global_colors_info=&#8221;{}&#8221;][/et_pb_image][/et_pb_column][/et_pb_row][et_pb_row column_structure=&#8221;1_3,1_3,1_3&#8243; _builder_version=&#8221;4.17.4&#8243; _module_preset=&#8221;default&#8221; global_colors_info=&#8221;{}&#8221;][et_pb_column type=&#8221;1_3&#8243; _builder_version=&#8221;4.17.4&#8243; _module_preset=&#8221;default&#8221; global_colors_info=&#8221;{}&#8221;][et_pb_text _builder_version=&#8221;4.17.4&#8243; _module_preset=&#8221;default&#8221; global_colors_info=&#8221;{}&#8221;]</p>
<h4><strong>CATEGORIA A (1-2 ESO)</strong></h4>
<p>Treball titulat: <strong>“Los efectos de la DANA en la concienciación juvenil. ¿Y tú qué harías?”</strong><span style="font-weight: 400"><br /></span>Desenrotllat per: <span style="font-weight: 400">Yasmin Saidi.</span><span style="font-weight: 400"><br /></span><span style="font-weight: 400">Tutoritzat per: Mónica Carbó Colechà i Òscar Mascarell Claver.</span><span style="font-weight: 400"><br /></span><span style="font-weight: 400">Centre educatiu: IES Joan Fuster, Sueca (Valencia).</span></p>
<p>[/et_pb_text][et_pb_image src=&#8221;https://vadedades.umh.es/files/2025/05/IMG_9546.png&#8221; title_text=&#8221;IMG_9546&#8243; _builder_version=&#8221;4.17.4&#8243; _module_preset=&#8221;default&#8221; global_colors_info=&#8221;{}&#8221;][/et_pb_image][/et_pb_column][et_pb_column type=&#8221;1_3&#8243; _builder_version=&#8221;4.17.4&#8243; _module_preset=&#8221;default&#8221; global_colors_info=&#8221;{}&#8221;][et_pb_text _builder_version=&#8221;4.17.4&#8243; _module_preset=&#8221;default&#8221; global_colors_info=&#8221;{}&#8221;]</p>
<h4><strong>CATEGORÍA B (3º-4º ESO + FPB)</strong></h4>
<p>Trevall titulat: <span style="font-weight: 400"><strong>“Estudio descriptivo sobre la depresión”</strong>.<br /></span> Desenvolupat per: <span style="font-weight: 400">Diego Espuelas Gómiz, José García Martínez, Victoria Martínez Ortega i Alejandro Picó Rodríguez</span><span style="font-weight: 400"><br /></span><span style="font-weight: 400">Tutoritzat per: Pablo López Francés</span><span style="font-weight: 400"><br /></span><span style="font-weight: 400">Centre educatiu: Colegio Salesianos San José Artesano, Elx (Alicante).</span></p>
<p>[/et_pb_text][et_pb_image src=&#8221;https://vadedades.umh.es/files/2025/05/IMG_9550.png&#8221; title_text=&#8221;IMG_9550&#8243; _builder_version=&#8221;4.17.4&#8243; _module_preset=&#8221;default&#8221; global_colors_info=&#8221;{}&#8221;][/et_pb_image][/et_pb_column][et_pb_column type=&#8221;1_3&#8243; _builder_version=&#8221;4.17.4&#8243; _module_preset=&#8221;default&#8221; global_colors_info=&#8221;{}&#8221;][et_pb_text _builder_version=&#8221;4.17.4&#8243; _module_preset=&#8221;default&#8221; global_colors_info=&#8221;{}&#8221;]</p>
<h4><strong>CATEGORÍA C (BACH + FPGM)</strong></h4>
<p>Treball titulat: <strong>“Motxilles: Un problema de pes”</strong><span style="font-weight: 400"><br /></span><span style="font-weight: 400">Desenrotllat per: Pau Ferrando Agost.</span><span style="font-weight: 400"><br /></span><span style="font-weight: 400">Tutoritzat per: José Francisco Chiva Moreno.</span><span style="font-weight: 400"><br />Centre educatiu: IES La Plana, Castelló de la Plana.</span></p>
<p>[/et_pb_text][et_pb_image src=&#8221;https://vadedades.umh.es/files/2025/05/IMG_9552.png&#8221; title_text=&#8221;IMG_9552&#8243; _builder_version=&#8221;4.17.4&#8243; _module_preset=&#8221;default&#8221; global_colors_info=&#8221;{}&#8221;][/et_pb_image][/et_pb_column][/et_pb_row][et_pb_row _builder_version=&#8221;4.17.4&#8243; _module_preset=&#8221;default&#8221; global_colors_info=&#8221;{}&#8221;][et_pb_column type=&#8221;4_4&#8243; _builder_version=&#8221;4.17.4&#8243; _module_preset=&#8221;default&#8221; global_colors_info=&#8221;{}&#8221;][et_pb_text _builder_version=&#8221;4.17.4&#8243; _module_preset=&#8221;default&#8221; global_colors_info=&#8221;{}&#8221;]</p>
<h1 style="text-align: center">DISTINCIONS ESPECIALS</h1>
<p>[/et_pb_text][/et_pb_column][/et_pb_row][et_pb_row column_structure=&#8221;1_3,1_3,1_3&#8243; _builder_version=&#8221;4.17.4&#8243; _module_preset=&#8221;default&#8221; global_colors_info=&#8221;{}&#8221;][et_pb_column type=&#8221;1_3&#8243; _builder_version=&#8221;4.17.4&#8243; _module_preset=&#8221;default&#8221; global_colors_info=&#8221;{}&#8221;][et_pb_text _builder_version=&#8221;4.17.4&#8243; _module_preset=&#8221;default&#8221; global_colors_info=&#8221;{}&#8221;]</p>
<h4><strong>DISTINCIÓ ESPECIAL DE L&#8217;INSTITUT VALENCIÀ D&#8217;ESTADÍSTICA</strong></h4>
<p>Treball titulat: <strong>“Estudio del uso y la percepción de la red ciclable del área metropolitana de Valencia (AMV)”</strong><span style="font-weight: 400"><br /></span>Desenrotllat per: <span style="font-weight: 400">Dídac Llácer Ausina.</span><span style="font-weight: 400"><br /></span><span style="font-weight: 400">Tutoritzat per: Javier Fuentes Valor i Lydia Moragón Fandos.</span><span style="font-weight: 400"><br /></span><span style="font-weight: 400">Centre educatiu: IES Juan de Garay, Valencia.</span></p>
<p>[/et_pb_text][et_pb_image src=&#8221;https://vadedades.umh.es/files/2025/05/IMG_9555.png&#8221; title_text=&#8221;IMG_9555&#8243; _builder_version=&#8221;4.17.4&#8243; _module_preset=&#8221;default&#8221; global_colors_info=&#8221;{}&#8221;][/et_pb_image][/et_pb_column][et_pb_column type=&#8221;1_3&#8243; _builder_version=&#8221;4.17.4&#8243; _module_preset=&#8221;default&#8221; global_colors_info=&#8221;{}&#8221;][et_pb_text _builder_version=&#8221;4.17.4&#8243; _module_preset=&#8221;default&#8221; global_colors_info=&#8221;{}&#8221;]</p>
<h4><strong>DISTINCIONS ESPECIALS DEL GRAU EN ESTADÍSTICA EMPRESARIAL DE LA UMH</strong></h4>
<p>Treball titulat: <strong>“La Contaminació Invisible”</strong><span style="font-weight: 400"><br /></span>Desenrotllat per: <span style="font-weight: 400">Helena Benedito Santandreu, Lola Crespo Fos y Àfrica Lupo Rozalén</span><span style="font-weight: 400">.</span><span style="font-weight: 400"><br /></span><span style="font-weight: 400">Tutoritzat per: Òscar Mascarell Claver y Josefa Peris Cornelio.</span><span style="font-weight: 400"><br /></span><span style="font-weight: 400">Centre educatiu: IES Joan Fuster, en Sueca (Valencia).</span></p>
<p>[/et_pb_text][et_pb_image src=&#8221;https://vadedades.umh.es/files/2025/05/IMG_9557.png&#8221; title_text=&#8221;IMG_9557&#8243; _builder_version=&#8221;4.17.4&#8243; _module_preset=&#8221;default&#8221; global_colors_info=&#8221;{}&#8221;][/et_pb_image][et_pb_text _builder_version=&#8221;4.17.4&#8243; _module_preset=&#8221;default&#8221; global_colors_info=&#8221;{}&#8221;]</p>
<p>Treball titulat: <strong>“Creatividad VsEducación: una mirada hacia el fomento de la creatividad”</strong><span style="font-weight: 400"><br /></span>Desenrotllat per: <span style="font-weight: 400">Alaa Saidi.</span><span style="font-weight: 400"><br /></span><span style="font-weight: 400">Tutoritzat per: Òscar Mascarell Claver y Mónica Carbó Colechà.</span><span style="font-weight: 400"><br /></span><span style="font-weight: 400">Centre educatiu: IES Joan Fuster, en Sueca (Valencia).</span></p>
<p>[/et_pb_text][et_pb_image src=&#8221;https://vadedades.umh.es/files/2025/05/IMG_9558.png&#8221; alt=&#8221;distinción especial 2025 Estadística Empresarial&#8221; title_text=&#8221;IMG_9558&#8243; _builder_version=&#8221;4.17.4&#8243; _module_preset=&#8221;default&#8221; global_colors_info=&#8221;{}&#8221;][/et_pb_image][/et_pb_column][et_pb_column type=&#8221;1_3&#8243; _builder_version=&#8221;4.17.4&#8243; _module_preset=&#8221;default&#8221; global_colors_info=&#8221;{}&#8221;][et_pb_text _builder_version=&#8221;4.17.4&#8243; _module_preset=&#8221;default&#8221; global_colors_info=&#8221;{}&#8221;]</p>
<h4><strong>DISTINCIÓN ESPECIAL DEL GRADO EN CIENCIA DE DATOS E INTELIGENCIA ARTIFICIAL DE LA UMH</strong></h4>
<p>Treball titulat: <strong>“RESIBIM. Revolución En la Sanidad, el Impacto del Bigdata y la IA en la Medicina”</strong><span style="font-weight: 400"><br /></span>Desenrotllat per: <span style="font-weight: 400">Mario Martínez Luna i Leire Ortiz Baena</span><span style="font-weight: 400">.</span><span style="font-weight: 400"><br /></span><span style="font-weight: 400">Tutoritzat per: Silvia Ponz Burdeus.</span><span style="font-weight: 400"><br /></span><span style="font-weight: 400">Centre educatiu: IES Jaume I, Borriana (Castellón).</span></p>
<p>[/et_pb_text][et_pb_image src=&#8221;https://vadedades.umh.es/files/2025/05/IMG_9563.png&#8221; alt=&#8221;premio_25_ccdd&#8221; title_text=&#8221;IMG_9563&#8243; _builder_version=&#8221;4.17.4&#8243; _module_preset=&#8221;default&#8221; global_colors_info=&#8221;{}&#8221;][/et_pb_image][/et_pb_column][/et_pb_row][/et_pb_section]</p>

<p>CATEGORIA A (1-2 ESO) Treball titulat: “Los efectos de la DANA en la concienciación juvenil. ¿Y tú qué harías?”Desenrotllat per: Yasmin Saidi.Tutoritzat per: Mónica Carbó Colechà i Òscar Mascarell Claver.Centre educatiu: IES Joan Fuster, Sueca (Valencia).CATEGORÍA B (3º-4º ESO + FPB) Trevall titulat: “Estudio descriptivo sobre la depresión”. Desenvolupat per: Diego Espuelas Gómiz, José García [&hellip;]</p>
